{"id":388,"date":"2014-06-01T20:45:55","date_gmt":"2014-06-01T18:45:55","guid":{"rendered":"http:\/\/localhost\/svw\/?page_id=388"},"modified":"2023-01-17T19:21:34","modified_gmt":"2023-01-17T17:21:34","slug":"segeln","status":"publish","type":"page","link":"https:\/\/www.sv-weidenberg.de\/?page_id=388","title":{"rendered":"Segeln"},"content":{"rendered":"<h2><span style=\"color: #000000;\">Infos<\/span><\/h2>\n<div>Die Segel- und Surfabteilung des SV Weidenberg hat seit \u00fcber 25 Jahren ihr Vereinsgel\u00e4nde am F\u00f6rmitzspeicher, G\u00f6tzmannsgr\u00fcn 10. Der Stausee liegt westlich von Schwarzenbach\/Saale. Die L\u00e4nge und Breite des Stausees betragen ca. 1,2 km.<\/div>\n<div>Die Abteilung verwaltet und unterh\u00e4lt dort ein ca. 1200 Quadratmeter gro\u00dfes, direkt am See gelegenes Grundst\u00fcck mit den dazugeh\u00f6rigen Geb\u00e4uden gemeinsam mit dem Surfclub Wei\u00dfdorf.<\/div>\n<div>Es gibt einen Bootslagerschuppen, Materiallager mit Werkstatt, einen Schulungsraum und eine Sanit\u00e4ranlage.<\/div>\n<p><span style=\"color: #000000; font-family: arial black,avant garde; font-size: 12pt;\">Unsere Segelklause<\/span><\/p>\n<p><img loading=\"lazy\" decoding=\"async\" class=\"alignnone wp-image-619 size-large\" src=\"https:\/\/www.sv-weidenberg.de\/wp-content\/uploads\/Bootshaus-1024x708.jpg\" alt=\"Bootshaus\" width=\"654\" height=\"452\" srcset=\"https:\/\/www.sv-weidenberg.de\/wp-content\/uploads\/Bootshaus-1024x708.jpg 1024w, https:\/\/www.sv-weidenberg.de\/wp-content\/uploads\/Bootshaus-300x207.jpg 300w, https:\/\/www.sv-weidenberg.de\/wp-content\/uploads\/Bootshaus-1x1.jpg 1w, https:\/\/www.sv-weidenberg.de\/wp-content\/uploads\/Bootshaus.jpg 1509w\" sizes=\"auto, (max-width: 654px) 100vw, 654px\" \/><\/p>\n<div>F\u00fcr den Segel- und Surfsport stehen mehrere Vereinsboote und Surfbretter zur Verf\u00fcgung.<\/div>\n<div>2 x Optimist, 2 x Laser, 2 x Aquila, 1 x Hobby Cat 14 und die verschiedensten Surfbretttypen.<\/div>\n<div>Au\u00dferdem befinden sich noch mehrere private Boote auf dem Gel\u00e4nde.<\/div>\n<p>F\u00fcr die Ausbildung vom Anf\u00e4nger bis zum Regattasegler und Hochseesegler und die F\u00fchrerscheinausbildung steht Ihnen als kompetenter Ansprechpartner unser Vereinsmitglied Hermann Macht, Weidenberg, Telefon 0151 27165550 zur Verf\u00fcgung.<\/p>\n<div>Wenn der Wind mal nicht bl\u00e4st, sind Mountainbiketouren zu den umliegenden wundersch\u00f6nen H\u00f6henz\u00fcgen wie Kornberg, Waldstein, Epprechtstein und Schneeberg angesagt.<\/div>\n<div>Wer es etwas leichter haben will, kann direkt in den Saale Radwanderweg einsteigen.<\/div>\n<div>&nbsp;<\/div>\n<p>Alle weiteren Infos unter den o.a. Telefonnummern.<\/p>\n<p><img loading=\"lazy\" decoding=\"async\" class=\"alignnone size-medium wp-image-1297\" src=\"https:\/\/www.sv-weidenberg.de\/wp-content\/uploads\/Seeblick-300x225.jpg\" alt=\"Seeblick\" width=\"300\" height=\"225\" srcset=\"https:\/\/www.sv-weidenberg.de\/wp-content\/uploads\/Seeblick-300x225.jpg 300w, https:\/\/www.sv-weidenberg.de\/wp-content\/uploads\/Seeblick-1024x768.jpg 1024w, https:\/\/www.sv-weidenberg.de\/wp-content\/uploads\/Seeblick-1x1.jpg 1w, https:\/\/www.sv-weidenberg.de\/wp-content\/uploads\/Seeblick.jpg 1280w\" sizes=\"auto, (max-width: 300px) 100vw, 300px\" \/> <img loading=\"lazy\" decoding=\"async\" class=\"alignnone size-medium wp-image-1298\" src=\"https:\/\/www.sv-weidenberg.de\/wp-content\/uploads\/Saison-2011-bis-Sep-010-300x225.jpg\" alt=\"Saison 2011 bis Sep 010\" width=\"300\" height=\"225\" srcset=\"https:\/\/www.sv-weidenberg.de\/wp-content\/uploads\/Saison-2011-bis-Sep-010-300x225.jpg 300w, https:\/\/www.sv-weidenberg.de\/wp-content\/uploads\/Saison-2011-bis-Sep-010-1x1.jpg 1w, https:\/\/www.sv-weidenberg.de\/wp-content\/uploads\/Saison-2011-bis-Sep-010.jpg 1024w\" sizes=\"auto, (max-width: 300px) 100vw, 300px\" \/><\/p>\n<p><a href=\"https:\/\/www.sv-weidenberg.de\/?page_id=390\"><span style=\"color: #3366ff;\">Unsere Winteraktivit\u00e4ten finden Sie unter der Sparte Ski.<\/span><\/a><\/p>\n<p><span style=\"font-size: 12pt;\"><a href=\"https:\/\/www.sv-weidenberg.de\/?page_id=173\"><span style=\"text-decoration: underline;\"><span style=\"color: #0000ff; text-decoration: underline;\">Kontakt<\/span><\/span><\/a><\/span><\/p>\n<p><a href=\"https:\/\/maps.google.de\/maps?ll=50.1949279,11.9073934&amp;z=15&amp;q=G%C3%B6tzmannsgr%C3%BCn+10&amp;output=classic&amp;dg=ntvb\" target=\"_blank\" rel=\"noopener\"><span style=\"font-size: 12pt; text-decoration: underline;\"><span style=\"color: #0000ff; text-decoration: underline;\">Anfahrt<\/span><\/span><\/a><\/p>\n","protected":false},"excerpt":{"rendered":"<p>Infos Die Segel- und Surfabteilung des SV Weidenberg hat seit \u00fcber 25 Jahren ihr Vereinsgel\u00e4nde am F\u00f6rmitzspeicher, G\u00f6tzmannsgr\u00fcn 10. Der Stausee liegt westlich von Schwarzenbach\/Saale. Die L\u00e4nge und Breite des Stausees betragen ca. 1,2 km. Die Abteilung verwaltet und unterh\u00e4lt dort ein ca. 1200 Quadratmeter gro\u00dfes, direkt am See gelegenes Grundst\u00fcck mit den dazugeh\u00f6rigen Geb\u00e4uden [&hellip;]<\/p>\n","protected":false},"author":1,"featured_media":0,"parent":0,"menu_order":0,"comment_status":"closed","ping_status":"closed","template":"page-templates\/full-width.php","meta":{"ngg_post_thumbnail":0,"footnotes":""},"class_list":["post-388","page","type-page","status-publish","hentry"],"_links":{"self":[{"href":"https:\/\/www.sv-weidenberg.de\/index.php?rest_route=\/wp\/v2\/pages\/388","targetHints":{"allow":["GET"]}}],"collection":[{"href":"https:\/\/www.sv-weidenberg.de\/index.php?rest_route=\/wp\/v2\/pages"}],"about":[{"href":"https:\/\/www.sv-weidenberg.de\/index.php?rest_route=\/wp\/v2\/types\/page"}],"author":[{"embeddable":true,"href":"https:\/\/www.sv-weidenberg.de\/index.php?rest_route=\/wp\/v2\/users\/1"}],"replies":[{"embeddable":true,"href":"https:\/\/www.sv-weidenberg.de\/index.php?rest_route=%2Fwp%2Fv2%2Fcomments&post=388"}],"version-history":[{"count":10,"href":"https:\/\/www.sv-weidenberg.de\/index.php?rest_route=\/wp\/v2\/pages\/388\/revisions"}],"predecessor-version":[{"id":10280,"href":"https:\/\/www.sv-weidenberg.de\/index.php?rest_route=\/wp\/v2\/pages\/388\/revisions\/10280"}],"wp:attachment":[{"href":"https:\/\/www.sv-weidenberg.de\/index.php?rest_route=%2Fwp%2Fv2%2Fmedia&parent=388"}],"curies":[{"name":"wp","href":"https:\/\/api.w.org\/{rel}","templated":true}]}}