{"id":170,"date":"2014-05-29T19:24:38","date_gmt":"2014-05-29T17:24:38","guid":{"rendered":"http:\/\/localhost\/svw\/?page_id=170"},"modified":"2025-06-21T16:16:39","modified_gmt":"2025-06-21T14:16:39","slug":"vorstand","status":"publish","type":"page","link":"https:\/\/www.sv-weidenberg.de\/?page_id=170","title":{"rendered":"Vorstand"},"content":{"rendered":"\n<h2 class=\"wp-block-heading\"><span style=\"color: #000000;\">&#8211; SV Weidenberg e.V. &#8211;<\/span><\/h2>\n\n\n\n<p><span style=\"color: #000000;\">&nbsp;<\/span><\/p>\n\n\n\n<p><span style=\"color: #000000;\"><strong>I. Vorstandschaft<\/strong><\/span><\/p>\n\n\n\n<figure class=\"wp-block-table is-style-stripes has-medium-font-size\"><table class=\"has-vivid-cyan-blue-color has-text-color\"><tbody><tr><td><span style=\"color: #000000;\">1. Vorsitzender<\/span><\/td><td><span style=\"color: #000000;\">Martin Sedlmeier<\/span><\/td><td> <div><span style=\"color: #000000;\">09278&nbsp; 770098<\/span><\/div><div><span style=\"text-decoration: underline;\"><span style=\"color: #0000ff;\"><a href=\"mailto:martin.sedlmeier@sv-weidenberg.de\"><span style=\"line-height: 16px; color: #0000ff; text-decoration: underline;\">martin.sedlmeier@sv-weidenberg.de<\/span><\/a><\/span><\/span><\/div> <\/td><\/tr><tr><td><span style=\"color: #000000;\">2. Vorsitzender<\/span><\/td><td><span style=\"color: #000000;\">Bernd Will<\/span><\/td><td> <div><span style=\"color: #000000;\">09278 &nbsp;7758673<\/span><\/div><div><span style=\"color: #0000ff;\"><a href=\"Mailto:bernd.will@sv-weidenberg.de\"><span style=\"text-decoration: underline; color: #0000ff;\"><span style=\"line-height: 16px; text-decoration: underline;\">bernd.will@sv-weidenberg.de<\/span><\/span><\/a><\/span><\/div> <\/td><\/tr><tr><td><span style=\"color: #000000;\">1. Kassier<\/span><\/td><td><span style=\"color: #000000;\">Marco Wopperer<\/span><\/td><td> <div><span style=\"color: #000000;\">0163&nbsp; 6868673<\/span><\/div><div><a href=\"mailto:marco.wopperer@sv-weidenberg.de\"><span style=\"text-decoration: underline;\"><span style=\"line-height: 16px; color: #0000ff; text-decoration: underline;\">marco.wopperer@sv-weidenberg.de<\/span><\/span><\/a><\/div> <\/td><\/tr><tr><td><span style=\"color: #000000;\">2. Kassier<\/span><\/td><td><span style=\"color: #000000;\">Karlheinz Wachs<\/span><\/td><td> <div><span style=\"color: #000000;\">09278 1365<\/span><\/div><div><a href=\"Mailto:karlheinz.wachs@sv-weidenberg.de\"><span style=\"text-decoration: underline;\"><span style=\"color: #0000ff; text-decoration: underline;\">karlheinz.wachs@sv-weidenberg.de<\/span><\/span><\/a><\/div> <\/td><\/tr><tr><td><span style=\"color: #000000;\">1. Schriftf\u00fchrer<\/span><\/td><td><span style=\"color: #000000;\">Siegfried Jantsch<\/span><\/td><td> <div><span style=\"color: #000000;\">0921 &nbsp;1635738<\/span><\/div><div><a href=\"mailto:siegfried.jantsch@sv-weidenberg.de\"><span style=\"line-height: 16px; color: #0000ff; text-decoration: underline;\">siegfried.jantsch@sv-weidenberg.de<\/span><\/a><\/div> <\/td><\/tr><tr><td><span style=\"color: #000000;\">2. Schriftf\u00fchrer<\/span><\/td><td><span style=\"color: #000000;\">J\u00f6rg Dumbach<\/span><\/td><td><span style=\"color:#000000\" class=\"tadv-color\">0179 7493379<\/span><br><a href=\"mailto:joerg.dumbach@sv-weidenberg.de\"><span style=\"text-decoration: underline\" class=\"underline\">joerg.dumbach@sv-weidenberg.de<\/span><\/a><div><span style=\"font-size: 10pt; color: #000000;\"><span style=\"text-decoration: underline; color: #0000ff;\"><a href=\"mailto:horst.rausch@sv-weidenberg.de\"><span style=\"color: #0000ff; text-decoration: underline;\"><\/a><\/span><\/span><\/div> <\/td><\/tr><\/tbody><\/table><\/figure>\n\n\n\n<p><span style=\"color: #000000;\">&nbsp;<\/span><\/p>\n\n\n\n<p><span style=\"color: #000000;\"><strong>II. Abteilungsleiter<\/strong><\/span><\/p>\n\n\n\n<figure class=\"wp-block-table is-style-stripes\"><table><tbody><tr><td><span style=\"color: #000000;\">Fu\u00dfball<\/span><\/td><td><span style=\"color: #000000;\">Martin Kohlschmid<\/span><\/td><td> <div> <mark><div>0171\/9304063<\/div><span style=\"color:#ffffff\" class=\"tadv-color\"><\/span><div>09278\/313155 <\/div><\/mark><div><a href=\"mailto:martin.kohlschmidt@outlook.de\"><span style=\"color: #0000ff;\">martin.kohlschmidt@outlook.de<\/span><\/a><\/div> <\/div> <\/td><\/tr><tr><td>&nbsp;<\/td><td>&nbsp;<\/td><td>&nbsp;<\/td><\/tr><tr><td><span style=\"color: #000000;\">Ski<\/span><\/td><td><span style=\"color: #000000;\">Steffen Plewe<\/span><\/td><td> <div><span style=\"color: #000000;\">09278 985445<\/span><\/div><div><span style=\"text-decoration: underline;\"><a href=\"mailto:steffen.plewe@sv-weidenberg.de\"><span style=\"color: #0000ff; text-decoration: underline;\"><span style=\"line-height: 16px;\">steffen.plewe@sv-weidenberg.de<\/span><\/span><\/a><\/span><\/div> <\/td><\/tr><tr><td><span style=\"color: #000000;\">Segeln\/Surfen<\/span><\/td><td><span style=\"color: #000000;\">Steffen Plewe<\/span><\/td><td> <div><span style=\"color: #000000;\">09278 985445<\/span><\/div><div><span style=\"text-decoration: underline;\"><a href=\"mailto:steffen.plewe@sv-weidenberg.de\"><span style=\"color: #0000ff;\"><span style=\"line-height: 16px;\">steffen.plewe@sv-weidenberg.de<\/span><\/span><\/a><\/span><\/div> <\/td><\/tr><tr><td><span style=\"color: #000000;\">Tennis<\/span><\/td><td><span style=\"color: #000000;\">Michael Fischer<\/span><\/td><td> <div><span style=\"line-height: 16px; color: #000000;\">0171 6907855<\/span><\/div><div><a href=\"Mailto:michael.fischer@sv-weidenberg.de\"><span style=\"text-decoration: underline; color: #0000ff;\">michael.fischer@sv-weidenberg.de<\/span><\/a><\/div> <\/td><\/tr><tr><td><span style=\"color: #000000;\">Tischtennis<\/span><\/td><td><span style=\"color: #000000;\">Michael Schamel<\/span><\/td><td> <div><span style=\"color: #000000;\">0176 70847441<\/span><\/div><div><a href=\"Mailto:michael.schamel@sv-weidenberg.de\"><span style=\"text-decoration: underline;\"><span style=\"color: #0000ff;\"><span style=\"line-height: 16px; color: #0000ff; text-decoration: underline;\">michael.schamel@sv-weidenberg.de<\/span><\/span><\/span><\/a><\/div> <\/td><\/tr><tr><td><span style=\"color: #000000;\">Turnen<\/span><\/td><td><div><span style=\"color: #000000;\">Melanie Doege<\/span><\/div><\/td><td> <div><span style=\"color: #000000;\">0921 1632183<\/span><\/div><div><span style=\"text-decoration: underline; color: #0000ff;\"><a href=\"mailto:melanie.doege@hotmail.de\"><span style=\"color: #0000ff; text-decoration: underline;\">melanie.doege@hotmail.de<\/span><\/a><\/span><\/div><\/td><\/tr><tr><td><span style=\"color: #000000;\">Faustball<\/span><\/td><td><span style=\"color: #000000;\">Lothar Porst<\/span><\/td><td> <div><span style=\"color: #000000;\">09642 3877<\/span><\/div><div><span style=\"text-decoration: underline;\"><span style=\"color: #0000ff; text-decoration: underline;\"><a href=\"mailto:lothar.porst@sv-weidenberg.de\"><span style=\"color: #0000ff; text-decoration: underline;\"><span style=\"line-height: 16px;\">lothar.porst@sv-weidenberg.de<\/span><\/span><\/a><\/span><\/span><\/div> <\/td><\/tr><tr><td><span style=\"color: #000000;\">Basketball<\/span><\/td><td><span style=\"color: #000000;\"><span style=\"color: #000000;\">Daniel Raps<\/span><span style=\"color: #000000;\"><\/span><\/span><\/td><td><span style=\"color:#000000\" class=\"tadv-color\">0171 8928192<\/span><div><span style=\"text-decoration: underline;\"><span style=\"color: #0000ff; text-decoration: underline;\"><a href=\"mailto:daniel.raps@sv-weidenberg.de\" data-type=\"mailto\" data-id=\"mailto:daniel.raps@sv-weidenberg.de\"><span style=\"color: #0000ff; text-decoration: underline;\">daniel.raps<span style=\"line-height: 16px;\">@sv-weidenberg.de<\/span><\/span><\/a><\/span><\/span><\/div> <\/td><\/tr><tr><td><span style=\"color: #000000;\">Nordic Walking<\/span><\/td><td><\/td><td> <div><span style=\"color: #000000;\"><\/span><\/div><div><a href=\"Mailto:martina.huebsch@sv-weidenberg.de\"><span style=\"text-decoration: underline; color: #0000ff;\"><span style=\"line-height: 16px; text-decoration: underline;\"><\/span><\/span><\/a><\/div> <\/td><\/tr><tr><td><span style=\"color: #000000;\">Freizeit<\/span><\/td><td><span style=\"color: #000000;\"> <span style=\"color:#000000\" class=\"tadv-color\">Andre\u00b4 Franz<\/span> <\/span><\/td><td><div><span style=\"color: #000000;\"><div><span style=\"color: #000000;\">0172 3596572<\/span><\/div><\/span><\/div><a href=\"Mailto:andre.franz@sv-weidenberg.de\"><span style=\"color:#0693e3\" class=\"tadv-color\">andre.franz@sv-weidenberg-de<\/span><\/a><span style=\"color:#0014a3\" class=\"tadv-color\"><a href=\"Mailto:andre.franz@sv-weidenberg.de\"> <\/a><\/span><\/td><\/tr><tr><td><span style=\"color: #000000;\">Ballspiele f. Kinder<\/span><\/td><td><span style=\"color: #000000;\">Norbert Nicklas<\/span><\/td><td> <div><span style=\"color: #000000;\">09278 985636<\/span><\/div><div><span style=\"text-decoration: underline;\"><span style=\"line-height: 16px; color: #0000ff;\"><a href=\"mailto:norbert.nicklas@sv-weidenberg.de\"><span style=\"color: #0000ff; text-decoration: underline;\">norbert.nicklas@sv-weidenberg.de<\/span><\/a><\/span><\/span><\/div> <\/td><\/tr><tr><td><\/td><td><\/td><td> <div>  <\/div> <\/td><\/tr><\/tbody><\/table><\/figure>\n\n\n\n<p><span style=\"color: #000000;\">&nbsp;<\/span><\/p>\n\n\n\n<p><span style=\"color: #000000;\"><strong>III. Ausschu\u00dfmitglieder<\/strong><\/span><\/p>\n\n\n\n<p><span style=\"color: #000000;\">&nbsp;<\/span><\/p>\n\n\n\n<div class=\"wp-block-columns is-layout-flex wp-container-core-columns-is-layout-9d6595d7 wp-block-columns-is-layout-flex\">\n<div class=\"wp-block-column is-layout-flow wp-block-column-is-layout-flow\" style=\"flex-basis:100%\">\n<figure class=\"wp-block-table is-style-stripes\"><table class=\"has-vivid-cyan-blue-color has-text-color\"><tbody><tr><td><span style=\"color: #000000;\">Michael Albani<\/span><\/td><td><a href=\"mailto:michaelalbani@gmx.de\"><span style=\"text-decoration: underline\" class=\"underline\">michaelalbani@gmx.de<\/span><\/a><\/td><\/tr><tr><td>Oliver Richter<\/td><td><\/td><\/tr><tr><td><span style=\"color: #000000;\">Holger Lindner<\/span><\/td><td><a href=\"Mailto:holger.lindner@sv-weidenberg.de\"><span style=\"text-decoration: underline; color: #0000ff;\"><span style=\"line-height: 16px;\">holger.lindner@sv-weidenberg.de<\/span><\/span><\/a><\/td><\/tr><tr><td>Nicole Gebhardt<\/td><td><a href=\"mailto:gebhardt.martin@yahoo.de\"><span style=\"text-decoration: underline\" class=\"underline\">gebhardt.martin@yahoo.de<\/span><\/a>&nbsp;<\/td><\/tr><tr><td><span style=\"color: #000000;\">Marina V\u00f6lkl<\/span><\/td><td><a href=\"mailto:marina.voelkl@sv-weidenberg.de\"><span style=\"text-decoration: underline;\"><span style=\"line-height: 16px; color: #0000ff; text-decoration: underline;\">marina.voelkl@sv-weidenberg.de<\/span><\/span><\/a><\/td><\/tr><tr><td>Jonas Kohler<\/td><td><a href=\"mailto:jonas.kohler92@web.de\"><span style=\"text-decoration: underline\" class=\"underline\">jonas.kohler92@web.de<\/span><\/a><\/td><\/tr><tr><td>Harald Schl\u00f6tzer<\/td><td><\/td><\/tr><tr><td>Adrian Kolb<\/td><td><a href=\"mailto:info@Gartenpflege-Bayreuth.de\">info@Gartenpflege-Bayreuth.de<\/a><\/td><\/tr><\/tbody><\/table><\/figure>\n<\/div>\n<\/div>\n\n\n\n<p><span style=\"color: #000000;\">&nbsp;<\/span><\/p>\n\n\n\n<p><span style=\"color: #000000;\"><strong>IV. Revisoren<\/strong><\/span><\/p>\n\n\n\n<p><span style=\"color: #000000;\">Markus Bauer<\/span><\/p>\n\n\n\n<p><span style=\"color: #000000;\">Marco B\u00f6hner<\/span>       <\/p>\n\n\n\n<p><span style=\"color: #000000;\">&nbsp;<\/span><\/p>\n\n\n\n<p><span style=\"color: #000000;\">&nbsp;<\/span><\/p>\n\n\n\n<p><span style=\"color: #000000;\">Stand: 27.04.202<\/span>4<\/p>\n","protected":false},"excerpt":{"rendered":"<p>&#8211; SV Weidenberg e.V. &#8211; &nbsp; I. Vorstandschaft 1. Vorsitzender Martin Sedlmeier 09278&nbsp; 770098 martin.sedlmeier@sv-weidenberg.de 2. Vorsitzender Bernd Will 09278 &nbsp;7758673 bernd.will@sv-weidenberg.de 1. Kassier Marco Wopperer 0163&nbsp; 6868673 marco.wopperer@sv-weidenberg.de 2. Kassier Karlheinz Wachs 09278 1365 karlheinz.wachs@sv-weidenberg.de 1. Schriftf\u00fchrer Siegfried Jantsch 0921 &nbsp;1635738 siegfried.jantsch@sv-weidenberg.de 2. Schriftf\u00fchrer J\u00f6rg Dumbach 0179 7493379joerg.dumbach@sv-weidenberg.de &nbsp; II. Abteilungsleiter Fu\u00dfball Martin Kohlschmid [&hellip;]<\/p>\n","protected":false},"author":1,"featured_media":0,"parent":0,"menu_order":0,"comment_status":"closed","ping_status":"closed","template":"page-templates\/full-width.php","meta":{"ngg_post_thumbnail":0,"footnotes":""},"class_list":["post-170","page","type-page","status-publish","hentry"],"_links":{"self":[{"href":"https:\/\/www.sv-weidenberg.de\/index.php?rest_route=\/wp\/v2\/pages\/170","targetHints":{"allow":["GET"]}}],"collection":[{"href":"https:\/\/www.sv-weidenberg.de\/index.php?rest_route=\/wp\/v2\/pages"}],"about":[{"href":"https:\/\/www.sv-weidenberg.de\/index.php?rest_route=\/wp\/v2\/types\/page"}],"author":[{"embeddable":true,"href":"https:\/\/www.sv-weidenberg.de\/index.php?rest_route=\/wp\/v2\/users\/1"}],"replies":[{"embeddable":true,"href":"https:\/\/www.sv-weidenberg.de\/index.php?rest_route=%2Fwp%2Fv2%2Fcomments&post=170"}],"version-history":[{"count":76,"href":"https:\/\/www.sv-weidenberg.de\/index.php?rest_route=\/wp\/v2\/pages\/170\/revisions"}],"predecessor-version":[{"id":10942,"href":"https:\/\/www.sv-weidenberg.de\/index.php?rest_route=\/wp\/v2\/pages\/170\/revisions\/10942"}],"wp:attachment":[{"href":"https:\/\/www.sv-weidenberg.de\/index.php?rest_route=%2Fwp%2Fv2%2Fmedia&parent=170"}],"curies":[{"name":"wp","href":"https:\/\/api.w.org\/{rel}","templated":true}]}}